e units digit of w(-4)?
5
Let d = 40 + -23. Suppose 2*c = p + d, -5*c = 2*p - 5*p - 40. What is the units digit of c?
1
Let x(q) be the third derivative of -q**7/5040 + q**6/720 + q**5/60 - q**2. Let f(c) be the third derivative of x(c). What is the units digit of f(-2)?
3
Suppose -f - 16 = f. Let l = 20 + f. What is the tens digit of l?
1
Let s be (2/1)/(0 - -1). Suppose -5*v + 3 = -s. Suppose -i - 4*n = -21, i - 11 = -n + v. What is the units digit of i?
9
Let r be 10/6 - (-3)/9. Suppose l + 8 = 2*t, -2*t + 12 + r = 2*l. What is the units digit of t?
5
Suppose 2*w - 8 = -4*z, 0*z + z = 4*w - 34. Let u be (-2)/(-8) + (-658)/w. What is the tens digit of u/(-8) - (-2)/(-8)?
1
Let i = 46 + -27. What is the units digit of i?
9
Suppose 2*r = -1 + 7. What is the units digit of r?
3
Let a = -2 - 0. Let c(y) = y**2 - y - 2. What is the units digit of c(a)?
4
Let w be 1/(((-15)/9)/5). Suppose 0 = 3*m + 2*m - 30. Let f = m - w. What is the units digit of f?
9
Suppose 2*v - 9*v = -203. What is the units digit of v?
9
Suppose -2*k - 14 = 6. Let p = k + 31. What is the tens digit of p?
2
Let j(a) = 2*a**2 + a + 1. Let f = -2 + 4. What is the units digit of j(f)?
1
Let r = 66 - -140. What is the hundreds digit of r?
2
Suppose 2 = -5*v - 8. Let a(u) = -u**3 + 3*u + 3. Let q be a(v). Suppose q*b - 10 = 10. What is the units digit of b?
4
Suppose 2*z - 126 = -0*z. Suppose 3*h + 28 = 2*p - z, -3*p + 2*h = -124. Let t = p - 26. What is the tens digit of t?
1
Let r be 0/((-2)/(2/(-1))). Suppose -56 = -z - r*z. Suppose -j + z = 3*j. What is the tens digit of j?
1
Suppose w - 804 = 6*n - 8*n, 0 = n - 3*w - 409. What is the units digit of n?
3
Let i(r) = r - 8. Let a be i(4). Let o = -4 - a. Suppose o*s + 4 = 2*s. What is the units digit of s?
2
Suppose 3*g = -3*a + 2 + 4, 5*g + a = 10. Suppose 2*m + g*n = 58, 4*n - 5 + 39 = m. What is the units digit of m?
0
Let p = -19 - -75. What is the units digit of p?
6
Let j(x) = -x + 3. Let y be j(-4). Suppose l - 2*l = 0. Suppose -w + l = -y. What is the units digit of w?
7
Let i(b) = 5*b - 4. Let w(l) = l + 1. Let z(m) = i(m) - 4*w(m). Let p be z(4). Let d(c) = c**2 + c - 3. What is the units digit of d(p)?
9
Let s = 0 + 1. Suppose -2*n + 1 = -s. What is the units digit of n?
1
Suppose 5*r = 52 - 17. What is the units digit of r?
7
Let r = -18 - -21. What is the units digit of r?
3
Suppose -4*v + 868 = 2*m, -5*v + 8*v = m + 646. What is the hundreds digit of v?
2
Let t(h) = -h**3 + h**2 - 3*h + 14. What is the tens digit of t(0)?
1
Suppose 2*c - 7 - 79 = 0. What is the tens digit of c?
4
Suppose -z = 4*i - 33, -2*i + 10 = 3*i - 5*z. Let w = i - 7. Let m(k) = -k + 13. What is the units digit of m(w)?
3
Let x = 51 - 24. What is the tens digit of x?
2
Let f be 1 - 1 - (2 - 2). Suppose 3*t + 9 - 21 = f. Suppose -t*h + 8*h = 56. What is the tens digit of h?
1
Let m be 166/6 + (-3)/(-9). Suppose 0 = -4*f + m - 4. What is the units digit of f?
6
Suppose 41*x = 45*x - 1164. What is the tens digit of x?
9
What is the units digit of (-570)/(-20)*8/6?
8
Suppose 5*o + 10 = 0, 4*r - 102 = 2*o - o. What is the tens digit of r?
2
Suppose 4*a = 3*a + 26. What is the units digit of a?
6
Let z = 1 + 18. What is the units digit of z?
9
Suppose 0 = 4*l + l. Suppose -3*i = 9, 2*a + l*a + 38 = -2*i. Let s = a + 25. What is the units digit of s?
9
Let t be 10 - (0 - 2 - 1). Let o = 34 - t. What is the units digit of o?
1
Suppose -20*a = -17*a - 6. Suppose 2*v - a*q + 171 = 7*v, -2*q = -4*v + 144. What is the units digit of v?
5
Let j(v) be the second derivative of v**4/4 - v**3/3 - v**2/2 - 2*v. Let w(b) be the first derivative of j(b). What is the units digit of w(2)?
0
Let b = -40 + 82. What is the tens digit of b?
4
Let z = 43 + -1. What is the units digit of z?
2
Suppose -2*d = 4*h - 14, -h + 0 = d - 5. Let c(l) = 7 + 8*l - 14*l - l**d - 7*l**2 - 1. What is the units digit of c(-6)?
6
Let o(k) = -k**2 + 9*k + 12. Let v be o(9). Suppose -13 = -5*z + v. What is the units digit of z?
5
Suppose 1 = 2*a - 9, -3*d + 2*a - 1 = 0. Let j(n) = n + 7. Let w be j(0). Let t = w - d. What is the units digit of t?
4
Let k(p) be the first derivative of -p**2/2 - 4*p + 1. Let v(h) = -h**2 + 4. Let t be v(-3). What is the units digit of k(t)?
1
Let b(z) = -5 - 9*z**3 - 11*z**3 - z + 13*z**2 + 21*z**3. What is the units digit of b(-13)?
8
Suppose 0 = -4*s + 218 - 42. What is the tens digit of 476/s + (-4)/(-22)?
1
Let t(o) = -59*o + 26. What is the tens digit of t(-6)?
8
Suppose 3 - 4 = -f. Let w be (-7)/(-2) + f/(-2). Suppose -w = 2*c - 27. What is the tens digit of c?
1
What is the tens digit of 68 - (4 + 3/(-3))?
6
What is the tens digit of 2/(-6) + (-322)/(-21)?
1
Let y(s) = -s**2 - 6*s - 4. Let r be y(-8). Let l = r + 36. What is the units digit of l?
6
Let x(h) = -3*h + 4. Let z be x(8). What is the tens digit of 3/((-6)/z) - -2?
1
Let j(v) = -v**3 + 3*v**2 + 2*v - 2. Let k be j(2). Suppose -2*i = -k*i + 36. What is the units digit of i?
9
Let l(u) = 2*u**3 - 4*u**2 - 3*u**3 + 8 - 2*u**2 + 1 + 7*u. What is the units digit of l(-7)?
9
Let f(d) = d**3 + 8*d**2 + 8*d + 7. Let v be f(-7). Suppose v = -5*g + g + q + 71, q + 52 = 3*g. What is the tens digit of g?
1
Suppose -3*j - 213 = -4*t - 2*j, 3*j - 117 = -2*t. What is the tens digit of t?
5
What is the hundreds digit of (0/3 - -1)*143?
1
Let c(q) = -q + 11. Let t be c(8). Suppose t*y - 5*y = -5*r - 25, 2*r = -5*y + 19. Suppose -5*h = -3*u - 51, -y*h + 13 = -4*u - 35. What is the tens digit of h?
1
What is the units digit of ((-1)/(-1))/((-7)/(-21))?
3
Let n be (8/2)/(0 - -2). Let x be -3 - (3/(-1) + -3). Suppose -2 = n*m - x*m. What is the units digit of m?
2
Suppose a + 0*a + 2 = 0. Suppose x + 3 = -2*x. What is the units digit of (2*x)/(a/12)?
2
Let q(u) = -2*u**3 - 13*u**2 + 20*u - 11. What is the units digit of q(-9)?
4
Suppose 11 + 4 = -3*d, 4*q - 3*d - 743 = 0. What is the hundreds digit of q?
1
Let i = 67 - 45. What is the tens digit of i?
2
What is the tens digit of -5 - ((-83 - -5) + -1)?
7
Let l(o) be the third derivative of 2*o**2 + 0*o + 0 - 2/3*o**3 - 1/24*o**4. What is the units digit of l(-5)?
1
Let n = 16 + -16. What is the units digit of 3 - 5 - (-11 - n)?
9
Let a(k) = -k**3 - 5*k**2 - k - 3. Let v = 13 + -18. Let c be a(v). Suppose -c*w = -2*h - 4, 3*w - h = h + 11. What is the units digit of w?
7
Let q = -16 + 38. What is the units digit of q?
2
Suppose 4*y - b - 10 = 0, -4*y - 3 = -5*b - 21. Let p(x) = 2*x**3 + 3*x**2 - 3*x. What is the units digit of p(y)?
2
Let o(f) = -f**2 + 3 + f - 2 + 1. Let x = 2 + -2. What is the units digit of o(x)?
2
Let h be ((-16)/6)/((-10)/15). Suppose 39 + 45 = h*p. What is the units digit of p?
1
Suppose -4*m + 2 = -3*m. Suppose m*i + 2*i - 36 = 0. What is the units digit of i?
9
Let y = 29 - -37. What is the tens digit of y?
6
Suppose -4*x = 5*j - 85, -3*j - 5*x = -j - 51. What is the units digit of j?
3
Let z(s) be the first derivative of -5*s**2/2 + s + 2. Suppose 5*d + 2 + 3 = 0. What is the units digit of z(d)?
6
Suppose -p = 3*t, -1 = 5*t + 4. Suppose -5 = p*z + 2*z. What is the units digit of z/(-3)*(8 - 2)?
2
Let i be 3/(6/(-5))*2. Let z = -2 - i. What is the units digit of z?
3
Suppose -4*a - 5*v - 44 = -255, a + v = 53. What is the tens digit of a?
5
Suppose 2*f + 8*y + 13 = 3*y, f + 2 = -4*y. Let u = f + 23. What is the units digit of u?
9
Suppose 0*v - 27 = -4*v - 5*n, 4*v - 4*n = 0. Suppose 2*f - f - 3 = 2*k, 5*f + 5*k = -30. What is the units digit of f*((-5)/v + 1)?
2
Let q = 6 + -2. Suppose -60 = -4*s + q*r, 2*s + r = 6*r + 15. What is the tens digit of s?
2
Suppose -3*m + h + 2*h + 93 = 0, 0 = -m + 5*h + 31. What is the tens digit of m?
3
Let t(c) = -c**3 - 9*c**2 - 10*c - 5. Let p be t(-8). Let h = p + -10. What is the units digit of (h/5)/(2/10)?
1
Let y be 14/77 + 84/22. What is the units digit of 4*(-2)/(-16)*y?
2
Let s(a) be the second derivative of -a**5/20 + 3*a**4/4 - 7*a**3/6 - 7*a**2/2 + a. Let g be s(7). Suppose -4*z = -z - g. What is the units digit of z?
4
Suppose 4*g + 102 - 14 = 0. Let j = -13 - g. What is the units digit of j?
9
What is the units digit of 1*33 + 8/4?
5
Suppose 13 = -4*x - 7, 2*x + 19 = -3*m. Let q be ((-5)/(-2))/(m/(-6)). Suppose 3*c = s + 50, -2*s = -0*c - q*c + 85. What is the tens digit of c?
1
Le